 + 3, 0 = t - 6*t + 5*n - 5. Let v = t + j. What is the units digit of v?
2
Let a = -8 + 4. Let z = 14 + a. What is the units digit of z?
0
Let j(u) = -u**3 - 4*u**2 - 3*u - 5. Let v be 10/45 + 34/9. Let a be (3 + -9)*v/6. What is the units digit of j(a)?
7
Suppose -3*g = -k - 64, -67 = -3*g + 4*k + 9. What is the tens digit of g?
2
Let j(v) = v + 1. Let z be j(4). Let k be 0/1*z/(-5). Suppose 4*l + 4 = 0, -b + k*l + 3 = -2*l. What is the units digit of b?
1
What is the tens digit of (16/(-10))/(8/(-500))?
0
Suppose 0 = -6*s + 5 + 55. What is the tens digit of s?
1
Let y be (10/(-15))/(4/(-18)). Suppose -3*x - x - 33 = -3*a, 9 = -3*x - y*a. Let i(n) = n**2 + 5*n. What is the units digit of i(x)?
6
Suppose -4*h - 86 = 5*r - 29, -2*h + 3*r - 1 = 0. Let g = h - -10. Suppose -70 = -5*u - 3*s, -u + g*u = -4*s - 3. What is the units digit of u?
7
Let q = 64 - 62. Suppose -2*w - n + 66 = 0, n = 3*w - n - 113. Suppose 0*j + z - 21 = -q*j, w = 3*j - 2*z. What is the tens digit of j?
1
Let l(a) = 2*a - 5. Let q be l(5). Let p be 1/2*8/1. Suppose 0 = -h + p, 0*f - 5*h = -q*f + 10. What is the units digit of f?
6
Let c = -6 + 12. Let d = c + -1. Suppose 44 = d*u - k - 0, 3*k + 4 = -u. What is the units digit of u?
8
Let n(d) = -18*d + 1. Let t = -5 - -4. Let a be n(t). Suppose -4*o - 5*j + a = -10, 36 = 3*o - j. What is the units digit of o?
1
Suppose 8*z - 2*z = 12. Suppose 3*m = 5*g + 53, 61 - 23 = z*m - 4*g. What is the units digit of m?
1
Suppose -33*h + 159 = -30*h. What is the units digit of h?
3
Let b = -10 + 22. Let p be (0 + 0 + b)/1. Suppose 0*u - p = -4*u. What is the units digit of u?
3
Let z(s) = s**2 - 2*s + 1. Let h be z(-5). Suppose k = -3*k + h. What is the units digit of k?
9
Suppose 6*d - 10 = d. Suppose d - 26 = 4*i. Let x = 6 - i. What is the tens digit of x?
1
Suppose -2*l + 7 = -r, 2 = 4*r + 22. What is the units digit of (0 + 8)/l*1?
8
Let p(x) = -13*x + 17. What is the tens digit of p(-4)?
6
Let f(n) be the third derivative of -n**6/60 - n**5/15 + n**4/24 - n**3/6 + 2*n**2. What is the tens digit of f(-3)?
1
Let m be (0 + 1/(-1))*-2. Let v be (-8)/3*(-3)/(-2). Let c = m - v. What is the units digit of c?
6
Let j = -77 - -216. What is the units digit of j?
9
Suppose 266 = 5*p - 4*d, 4*p - 268 = -p + 2*d. What is the units digit of p?
4
Let m = 6 - 4. Suppose -u - 2*k = m*u - 125, -5*k - 159 = -4*u. What is the units digit of u?
1
Let k = -39 - -47. What is the units digit of k?
8
Let q(a) = 26*a - 1. What is the units digit of q(1)?
5
Let i = -26 + 40. What is the units digit of i?
4
Suppose 0 = t - 3*t - 164. What is the units digit of (-4)/10 + t/(-5)?
6
Let q(p) = 2*p**2 + 9*p + 13. What is the units digit of q(-4)?
9
Let d(q) = -3*q**3 - 2*q**2 + q + 1. What is the tens digit of d(-3)?
6
Let f = 195 - 10. What is the hundreds digit of f?
1
Let o = -2 + 23. What is the units digit of o?
1
Suppose 0 = -3*n + 3 + 3, 5*l + 5*n = 0. Let j be 3 + l + 0/(-1). What is the units digit of j/4 + (-15)/(-20)?
1
Let o = -94 - -136. What is the units digit of o?
2
Let f(w) = 8*w - 21. What is the tens digit of f(6)?
2
Let c(a) = -27*a**3 - 2*a + 1. Let s be c(1). Let p = -5 - s. What is the tens digit of p?
2
Let y be (3/(-1))/(-3)*13. Suppose 3*r - y = 2*r. What is the units digit of r?
3
Suppose -4*d - 12 = 0, 0*d + 353 = 4*k - 3*d. What is the units digit of k?
6
Suppose 5*r - 32 - 23 = 0. Suppose 3*o - r = 1, -4*f + 4*o = -4. Let g = f + -4. What is the units digit of g?
1
Let o(t) = t**2 - 4*t + 1. Suppose 0 = -5*b + 20. Let g be o(b). What is the units digit of 2*g*(-3 + 4)?
2
Let i = 32 - 21. What is the tens digit of i?
1
Let x = 1 + 1. Let u be (x - 0)/((-4)/(-8)). Let o(q) = q**2 - 2*q - 4. What is the units digit of o(u)?
4
Let j(k) = 2*k**3 - 5*k**2 - 5*k + 4. What is the units digit of j(4)?
2
Suppose s - 22 = 2*h, -80 = 4*s - 6*s - 5*h. What is the tens digit of s?
3
Suppose -5*w + 127 + 103 = 3*d, -3*d = 3*w - 132. Let u = w + -28. What is the units digit of u?
1
Suppose u - 2*u - 2 = 5*r, 6 = -3*u + 2*r. Suppose -3*x = -0*x - 3. What is the units digit of (-2*5)/u + x?
6
Let z(o) = -o - 5. Let x be z(-9). Suppose -4*m = 4*d + 48, 3*m + 33 = -x*d + 2*m. Let i = 9 + d. What is the units digit of i?
2
What is the tens digit of -1 + (-240)/(-11) - (-4)/22?
2
Let c(v) = -28*v - 4. What is the tens digit of c(-6)?
6
Suppose -11*o + 32 = -10*o. What is the units digit of o?
2
Suppose 7*p = 2*p - 5, 3*a + 2*p - 478 = 0. What is the hundreds digit of a?
1
Suppose -5*d + 0*d = -4*o - 53, -5*d - o + 43 = 0. Suppose 3 + d = 2*p. What is the units digit of p?
6
What is the units digit of 96 + -9 + -2*1 + 2?
7
What is the tens digit of (-1)/1*(-84)/4?
2
Let j(a) = -a**3 + 22*a**2 + 11*a - 6. What is the tens digit of j(22)?
3
Suppose -4*x = -29 + 5. Suppose 0 = 3*k - 0*k + x, 2*k - 66 = -5*q. Let t = q - 6. What is the units digit of t?
8
Let c be 3*(8 + -2 + -1). Suppose 3*w = c + 39. What is the units digit of w?
8
Let o(x) = -x + 25. What is the tens digit of o(11)?
1
Let b(i) = -i**2 - 5*i - 4. Let g be b(-5). Let u be (7 - 3)*(-3)/g. Suppose -u*v + 80 = 2*v. What is the units digit of v?
6
Suppose 189 - 4 = 5*x. What is the tens digit of x?
3
What is the units digit of ((-2)/(-3))/((-4)/(-426))?
1
Let t(g) = -2*g**2 + g - 1. Let v be t(2). Let q = -5 - v. Suppose -3*x + 5*f + 19 = -2, -13 = -q*x + 3*f. What is the units digit of x?
2
Let q(w) = -19*w - 2. What is the units digit of q(-6)?
2
Let d(s) = 0 + 2*s - 6 + 0. What is the units digit of d(6)?
6
Let f(i) = 4*i**2 - 8*i - 13. What is the units digit of f(6)?
3
Let o be (0/(-3))/2 - -1. Let a(f) = -f**3 - 5*f**2 - 4*f + 3. Let l be a(-4). What is the tens digit of o/l + 35/3?
1
Let n(t) = 5*t**2 + 3*t + 2. Suppose -3*k - 10 = 2*k. What is the units digit of n(k)?
6
Let f = -12 + 3. Let o(i) = i**3 + 8*i**2 - 8*i + 5. Let x be o(f). What is the units digit of (-10)/(-2) + 12/x?
2
Let t be 1 + (2 - 0/2). Let p = t + 4. What is the units digit of p?
7
Suppose -4*q - 1 + 5 = 0. Suppose 7 - q = 2*p. Suppose 30 = 5*w - p*f - 0*f, 4*f - 30 = -5*w. What is the units digit of w?
6
Let a be (-2)/1*(6 - 1). Let y(k) be the third derivative of -k**4/24 - 7*k**3/6 + 6*k**2. What is the units digit of y(a)?
3
Let u(g) = -g**3 + 3*g**2 + 6*g - 6. Let k be u(4). Let r be -4 + k + (4 - -2). Suppose r*s = s + 6. What is the units digit of s?
2
Let s be (-203)/35 + (-2)/10. Let d be (-20)/s*24/20. Suppose 4*n = 2*k - 10, -33 = -d*k + 2*n - 7*n. What is the units digit of k?
7
Suppose 234 = 4*u - 6. What is the tens digit of u?
6
Let j be (-16)/10*5/(-2). Let t(p) = 2*p**2 - 3*p + 2. What is the units digit of t(j)?
2
Suppose q - 5*q - 4 = 0. Let i be (-4)/(-2)*6/(-2). What is the units digit of (q - i) + (-2)/2?
4
What is the units digit of (3/(-9))/((-11)/10923)?
1
Suppose 4*v + 92 = 4*p, 4*v + 0*v - 3 = -p. What is the tens digit of p?
1
Let d(q) = 6*q**3 + q**2 + 7*q - 6. Let u(p) = p + p**2 - 2 + p**3 + 1 + 0. Let i(r) = d(r) - 5*u(r). What is the units digit of i(4)?
7
Let i = -4 - -6. Suppose 14 = 4*p + i. Suppose 0 = 5*m + 5, 66 = p*t + 2*t - m. What is the units digit of t?
3
Suppose 14*y = 10*y. Suppose y = -u + 4*j + 44, -3*j = u + 2*j - 17. What is the units digit of u?
2
Let n(m) = 6*m**2 - 1. Suppose -2 = -3*i + 1. Let o be n(i). Suppose 2*l + 4*w + 1 = o*l, 12 = l + w. What is the units digit of l?
7
Let b be 9/6*(-12)/9. What is the tens digit of b + 18/(-3)*-6?
3
What is the tens digit of (1/(3/33))/((-5)/(-155))?
4
Suppose 4*u = -0*u - 44. Let j = -2 - u. What is the units digit of j?
9
Suppose -5*r + 11 = s, -r = 3*s - 0*r - 5. What is the units digit of s?
1
What is the hundreds digit of (7 - 1456/24)/((-1)/3)?
1
Suppose 25*n + 12 = 26*n. What is the units digit of n?
2
Let a = 5 - 5. What is the units digit of -2 + 4 - a - 1?
1
Suppose 4*c = 29 + 95. What is the tens digit of c?
3
Let p be (5 - 2)*(-6)/(-9). Suppose s - p*s = -30. What is the units digit of s?
0
Suppose -b = -1 - 1. What is the units digit of b?
2
Let c(j) = -7*j - 6. Suppose 3*m + o + 4 + 14 = 0, 2*o = -2*m - 12. Let f be c(m). Let p = 51 - f. What is the units digit of p?
5
Suppose 0 = -5*m + 2*m - 9. Let z = m + 1. What is the units digit of ((-10)/6)/(z/6)?
5
Let i = 48 + -24. What is the units digit of